?
14403
In base 5, what is 11 + 1100?
1111
In base 16, what is -2 + -13?
-15
In base 12, what is -1 + -5?
-6
In base 2, what is 0 - 1101111100?
-1101111100
In base 11, what is 5420 + 5?
5425
In base 6, what is -4 - -1214?
1210
In base 13, what is 3031 + -4?
302a
In base 6, what is -42 - -45?
3
In base 7, what is -3004 - -3?
-3001
In base 7, what is 11521 - -10?
11531
In base 14, what is 118c7 - -2?
118c9
In base 3, what is -21212 - -21?
-21121
In base 12, what is 3 + 38?
3b
In base 14, what is 73 - 4?
6d
In base 4, what is 3 - 122?
-113
In base 12, what is 18a2 - -5?
18a7
In base 8, what is -413 + 16?
-375
In base 6, what is 122 + -34?
44
In base 8, what is -173 + 23?
-150
In base 2, what is -11001000101 - 0?
-11001000101
In base 15, what is 1206 - 3?
1203
In base 7, what is -101 - 120?
-221
In base 4, what is 100 - 3?
31
In base 2, what is 1110010 - 100?
1101110
In base 12, what is 6 + -42b?
-425
In base 4, what is 32 - -10?
102
In base 11, what is 3 - -863?
866
In base 4, what is 123 - -3022?
3211
In base 8, what is 1 + 17?
20
In base 7, what is 1 - -5024?
5025
In base 14, what is 44 + 1?
45
In base 15, what is 473d - 3?
473a
In base 13, what is -3417 + 0?
-3417
In base 3, what is 10 + -2212101?
-2212021
In base 12, what is 1 - 4b?
-4a
In base 2, what is 1 + -1000101010?
-1000101001
In base 14, what is 84 - -2b?
b1
In base 14, what is -2 - 26?
-28
In base 6, what is 22323 + -2?
22321
In base 9, what is -76 - -21?
-55
In base 9, what is -2 - -1148?
1146
In base 15, what is -5 - -e55?
e50
In base 7, what is -132 + 5?
-124
In base 13, what is b1 + 4?
b5
In base 16, what is -4 + 2b?
27
In base 9, what is -1 - -130?
128
In base 3, what is 12002 + 0?
12002
In base 2, what is 1011000011 + -100?
1010111111
In base 15, what is 6a - -5?
70
In base 16, what is 663 - -5?
668
In base 14, what is -75 + 97?
22
In base 16, what is -46 + -2?
-48
In base 3, what is -2200 + -12?
-2212
In base 10, what is -3 - -2042?
2039
In base 4, what is 10 + -3222?
-3212
In base 6, what is -30 - -240?
210
In base 6, what is -22 + 1240?
1214
In base 7, what is -46 + -1?
-50
In base 11, what is -27 + -76?
-a2
In base 7, what is 12 - -232?
244
In base 11, what is -4957 - 4?
-4960
In base 3, what is 2 - 1102?
-1100
In base 15, what is -9a - 7?
-a2
In base 9, what is 16 + -16?
0
In base 7, what is 13626 + -11?
13615
In base 5, what is -100 - 222?
-322
In base 2, what is 1010000 + 1?
1010001
In base 12, what is -695 - -1?
-694
In base 9, what is -184 - 5?
-200
In base 12, what is -4290 + -1?
-4291
In base 3, what is 21011 - 102?
20202
In base 4, what is -101133 - 10?
-101203
In base 15, what is 45 + -7?
3d
In base 6, what is 0 - 3031?
-3031
In base 9, what is 21 - -5?
26
In base 15, what is 2 - d4?
-d2
In base 2, what is 101 - 1100000101?
-1100000000
In base 8, what is 3 + 77?
102
In base 3, what is -12 - -2221?
2202
In base 14, what is 955 - -5?
95a
In base 7, what is 1 - 1335?
-1334
In base 16, what is -344 + 2?
-342
In base 9, what is 3 - 32?
-28
In base 15, what is -33b - b?
-347
In base 10, what is 0 + 47?
47
In base 6, what is -3 + 54?
51
In base 6, what is 32153 + 2?
32155
In base 7, what is 0 + 13?
13
In base 8, what is -343 + -206?
-551
In base 15, what is -aab - 1?
-aac
In base 15, what is -1 + -1860?
-1861
In base 4, what is -20213 + 1?
-20212
In base 16, what is -e14 + -3?
-e17
In base 12, what is 2 + 7?
9
In base 12, what is 10 + -3?
9
In base 11, what is 117 + -5?
112
In base 12, what is 8 + -17?
-b
In base 14, what is -2b + 0?
-2b
In base 15, what is 237 - 0?
237
In base 2, what is 11101011001 + 11?
11101011100
In base 16, what is -7 - 14?
-1b
In base 14, what is 466 - 4?
462
In base 7, what is -61 - -132?
41
In base 6, what is -12 - -32?
20
In base 13, what is 71 - 3?
6b
In base 12, what is 3 + 558?
55b
In base 2, what is 101 - 111100?
-110111
In base 13, what is -4 + -2c?
-33
In base 8, what is -4 - -3651?
3645
In base 16, what is -4 + -20?
-24
In base 4, what is 1221030 - -1?
1221031
In base 11, what is 92 + 9?
a0
In base 16, what is -1 - -19?
18
In base 12, what is 59a + 1?
59b
In base 11, what is 3 + 1a54?
1a57
In base 16, what is -2 - 187?
-189
In base 13, what is -2 + ba5?
ba3
In base 4, what is -232 - -1?
-231
In base 2, what is 1111 - -100111001?
101001000
In base 14, what is -1 - 58?
-59
In base 3, what is 0 + 1221?
1221
In base 4, what is -11 + 1101?
1030
In base 9, what is 87 - -208?
306
In base 5, what is -122330 - -3?
-122322
In base 6, what is 23 - -3121?
3144
In base 13, what is -1c8 - 0?
-1c8
In base 5, what is -10120 + 0?
-10120
In base 4, what is -23002 + 1?
-23001
In base 6, what is 520 + 2?
522
In base 4, what is 2031 - -10?
2101
In base 2, what is -100110110 + 10001?
-100100101
In base 13, what is 2 - 4a?
-48
In base 15, what is c + -72?
-65
In base 10, what is 4 - -8247?
8251
In base 9, what is 38 - 35?
3
In base 4, what is 3 - 1331?
-1322
In base 4, what is -2 - -123301?
123233
In base 3, what is -20110 - -12?
-20021
In base 11, what is -4 - a0?
-a4
In base 2, what is -1001100 - -10?
-1001010
In base 8, what is -4 - 170?
-174
In base 8, what is 5 + 3652?
3657
In base 4, what is 30 + 20201?
20231
In base 2, what is -11000 - -1010?
-1110
In base 7, what is 360 - -1?
361
In base 3, what is 1210020 - -11?
1210101
In base 8, what is -140 - -17?
-121
In base 4, what is -10 - 1212?
-1222
In base 7, what is 4 + 2235?
2242
In base 10, what is 21 + 7?
28
In base 6, what is -10023 - 5?
-10032
In base 11, what is 2 - 192?
-190
In base 13, what is -52 + 3b?
-14
In base 7, what is 4652 - 5?
4644
In base 9, what is 61 - -14?
75
In base 6, what is -545 - -4?
-541
In base 2, what is 101 + -110110100?
-110101111
In base 6, what is 1 - 12?
-11
In base 7, what is -123 - -1?
-122
In base 14, what is -2 - 122?
-124
In base 14, what is 3d - 5?
38
In base 3, what is -1010 + 2111?
1101
In base 6, what is -1 + 235?
234
In base 3, what is -1100201 - -11?
-1100120
In base 11, what is 2 - 657?
-655
In base 6, what is -1 + 135?
134
In base 16, what is -b5 + 0?
-b5
In base 2, what is -1000 - -1011100000?
1011011000
In base 15, what is 5c5 - 3?
5c2
In base 12, what is -56 + -1a0?
-236
In base 14, what is 819 - 1?
818
In base 4, what is 1033100 - 3?
1033031
In base 9, what is 3 + -36?
-33
In base 16, what is -1d - -1?
-1c
In base 4, what is -10 + 231?
221
In base 16, what is 33 + 1d?
50
In base 2, what is -1110100000001 - -1?
-1110100000000
In base 10, what is 340 + 2?
342
In base 8, what is -770 + -11?
-1001
In base 12, what is -390 - -5?
-387
In base 11, what is 5 + 77?
81
In base 10, what is -1269 + -2?
-1271
In base 14, what is 63 - -16?
79
In base 15, what is -14 - 208?
-21c
In base 6, what is -3341 + -1?
-3342
In base 9, what is 383 + 10?
403
In base 6, what is -51 + 5?
-42
In base 5, what is 2 - 13011?
-13004
In base 15, what is -3 - -333?
330
In base 10, what is -5 - -1657?
1652
In base 11, what is -1 + 88?
87
In base 8, what is -554 - 4?
-560
In base 5, what is 21 + 322?
343
In base 9, what is -557 + -4?
-562
In base 12, what is -4 + -10?
-14
In base 6, what is 2111 + -5?
2102
In base 6, what is 110501 + 0?
110501
In base 14, what is 5 - 39?
-34
In base 15, what is 1 + 120?
121
In base 6, what is 21 - 100?
-35
In base 7, what is -4402 - -4?
-4365
In base 2, what is 1011 + -11000?
-1101
In base 7, what is -16 - -52?
33
In base 6, what is -23 - -15?
-4
In base 12, what is -4b7 + 3?
-4b4
In base 13, what is -5 - -7c?
77
In base 10, what is -496 + 33?
-463
In base 4, what is -30202 - -11?
-30131
In base 15, what is -3 - -4?
1
In base 14, what is -3 - -3?
0
In base 7, what is 3 + -4254?
-4251
In base 8, what is -7 - 302?
-311
In base 13, what is -6 - -4c3?
4ba
In base 4, what is 10 - 2200?
-2130
In base 6, what is 3 - -2?
5
In base 12, what is -31 + -5?
-36
In base 6, what is -11 - 40?
-51
In base 15, what is 8 - 1d7?
-1ce
In base 5, what is -2 - -10342?
10340
In base 11, what is -2a + 49?
1a
In base 7, what is 4 - 22?
-15
In base 16, what is -16c - 6?
-172
In base 6, what is 11342 + 3?
11345
In base 16, what is -154 + -8?
-15c
In base 11, what is -2 + -668?
-66a
In base 2, what is -1111 + 110110?
100111
In base 14, what is -14 - 21?
-35
In base 2, what is 10 + -1110000?
-1101110
In base 7, what is 122 - -3?
125
In base 11, what is -68 - 0?
-68
In base 9, what is -